?
2, 17, 578297
What are the prime factors of 1653468638?
2, 31, 131, 203579
What are the prime factors of 177906713?
2791, 63743
List the prime factors of 21119256.
2, 3, 521, 563
What are the prime factors of 47308354?
2, 113, 353, 593
List the prime factors of 54080663.
7, 13, 73, 1163
List the prime factors of 36362123.
7, 809, 6421
What are the prime factors of 137701256?
2, 7, 11, 31, 7211
List the prime factors of 161076155.
5, 31, 523, 1987
What are the prime factors of 1482525929?
41, 79, 457711
What are the prime factors of 150192541?
150192541
List the prime factors of 125858564.
2, 13, 59, 41023
What are the prime factors of 3131311722?
2, 3, 7, 11, 71, 95461
What are the prime factors of 3023993155?
5, 604798631
List the prime factors of 130328982.
2, 3, 7, 1034357
List the prime factors of 13521742.
2, 13, 520067
List the prime factors of 123279269.
151, 179, 4561
List the prime factors of 38766978.
2, 3, 541, 1327
What are the prime factors of 79729906?
2, 1061, 37573
What are the prime factors of 5156298088?
2, 41, 15720421
What are the prime factors of 145926067?
7, 67, 44449
List the prime factors of 5286692.
2, 197, 6709
What are the prime factors of 49459375?
5, 7, 17, 19
What are the prime factors of 472962838?
2, 6949, 34031
What are the prime factors of 1404535032?
2, 3, 41, 158597
List the prime factors of 501582251.
10337, 48523
What are the prime factors of 6828517823?
17, 5501, 73019
List the prime factors of 2035987912.
2, 7, 181, 200867
What are the prime factors of 75432184?
2, 9429023
List the prime factors of 117597242.
2, 7, 2579, 3257
List the prime factors of 168865451.
168865451
What are the prime factors of 1308213825?
3, 5, 2293, 7607
List the prime factors of 461455905.
3, 5, 17, 1809631
What are the prime factors of 22455022?
2, 11227511
What are the prime factors of 27898063?
67, 416389
List the prime factors of 708364875.
3, 5, 29, 53, 1229
What are the prime factors of 1922991133?
7, 39244717
List the prime factors of 7037574575.
5, 17, 43, 59, 61, 107
What are the prime factors of 6242623181?
191, 3001, 10891
List the prime factors of 102421638.
2, 3, 11, 172427
List the prime factors of 494941922.
2, 23, 61, 7669
What are the prime factors of 1173803650?
2, 5, 2459, 9547
List the prime factors of 1996907982.
2, 3, 37, 59, 152459
List the prime factors of 3766425617.
103, 239, 153001
What are the prime factors of 565366551?
3, 6173, 30529
List the prime factors of 451235311.
353, 1278287
List the prime factors of 161447254.
2, 80723627
What are the prime factors of 101879681?
1249, 81569
List the prime factors of 4994340522.
2, 3, 43, 19357909
What are the prime factors of 692711926?
2, 31, 71, 157363
List the prime factors of 509305748.
2, 7, 103, 176597
List the prime factors of 67290707.
11, 6117337
What are the prime factors of 1483797576?
2, 3, 113, 211, 2593
List the prime factors of 3339045072.
2, 3, 11, 17, 41333
List the prime factors of 77596733.
23, 37, 91183
List the prime factors of 5322497878.
2, 37, 71925647
List the prime factors of 1154961596.
2, 43, 6714893
List the prime factors of 603341306.
2, 173, 1743761
List the prime factors of 1593326582.
2, 229, 443, 7853
List the prime factors of 434947672.
2, 1663, 32693
What are the prime factors of 842762201?
842762201
What are the prime factors of 1496042445?
3, 5, 241, 421, 983
List the prime factors of 3024619654.
2, 7, 216044261
What are the prime factors of 42895900?
2, 5, 251, 1709
What are the prime factors of 140503515?
3, 5, 41, 228461
What are the prime factors of 4027082?
2, 2013541
What are the prime factors of 2681030813?
2681030813
List the prime factors of 41556914.
2, 7, 19, 156229
What are the prime factors of 1243245024?
2, 3, 7, 68521
What are the prime factors of 90138164?
2, 139, 162119
List the prime factors of 110918641.
6121, 18121
What are the prime factors of 60197046?
2, 3, 7, 13, 110251
List the prime factors of 401240628.
2, 3, 509, 811
What are the prime factors of 262058262?
2, 3, 43676377
List the prime factors of 61379549.
7, 11, 72467
List the prime factors of 1440789891.
3, 11783, 40759
What are the prime factors of 27813315?
3, 5, 1854221
What are the prime factors of 389324622?
2, 3, 73, 888869
List the prime factors of 45257582.
2, 19, 31, 103, 373
List the prime factors of 30037294.
2, 7, 306503
List the prime factors of 252148363.
137, 139, 13241
List the prime factors of 15719305.
5, 7, 17, 29, 911
List the prime factors of 264507.
3, 88169
What are the prime factors of 4475031667?
229, 19541623
List the prime factors of 214446215.
5, 53, 809231
What are the prime factors of 2888961?
3, 23, 149, 281
What are the prime factors of 250725740?
2, 5, 12536287
List the prime factors of 28908824.
2, 7, 29, 2543
What are the prime factors of 974402066?
2, 11, 44291003
What are the prime factors of 18634835?
5, 1489, 2503
What are the prime factors of 420468851?
11, 37, 809, 1277
List the prime factors of 66325370.
2, 5, 6632537
What are the prime factors of 1942859059?
17, 23, 113, 43973
What are the prime factors of 354799181?
11, 32254471
What are the prime factors of 179438161?
7, 73, 351151
List the prime factors of 5643909436.
2, 11, 353, 363373
What are the prime factors of 3169839793?
3169839793
What are the prime factors of 2398720968?
2, 3, 7, 19, 23, 10891
What are the prime factors of 33047267?
11, 1187, 2531
What are the prime factors of 668442627?
3, 74271403
List the prime factors of 65291775.
3, 5, 139, 6263
What are the prime factors of 604435789?
10181, 59369
List the prime factors of 206065435.
5, 293, 140659
List the prime factors of 995337707.
7, 13, 10937777
What are the prime factors of 3740822416?
2, 293, 797957
What are the prime factors of 669803889?
3, 223267963
List the prime factors of 7994669164.
2, 353, 419, 13513
List the prime factors of 884494119.
3, 4261, 69193
What are the prime factors of 52613497?
233, 225809
List the prime factors of 1615153330.
2, 5, 7, 19, 1214401
What are the prime factors of 351126326?
2, 23, 7633181
List the prime factors of 5810547196.
2, 1452636799
List the prime factors of 498477394.
2, 37, 47, 331, 433
List the prime factors of 1692844498.
2, 37, 22876277
List the prime factors of 37165975.
5, 7, 11, 43, 449
List the prime factors of 38680161.
3, 13, 61, 71, 229
List the prime factors of 36320744.
2, 4540093
List the prime factors of 175509499.
11, 2521, 6329
What are the prime factors of 368628570?
2, 3, 5, 29, 5231
What are the prime factors of 75979277?
11, 79, 87433
What are the prime factors of 38583324?
2, 3, 13, 27481
List the prime factors of 56758588.
2, 14189647
List the prime factors of 215014953.
3, 97, 173, 4271
What are the prime factors of 4335467276?
2, 7, 1123, 19697
What are the prime factors of 187328596?
2, 7, 13, 514639
List the prime factors of 255146680.
2, 5, 59, 73, 1481
List the prime factors of 1286820157.
7, 67, 113, 24281
What are the prime factors of 676248659?
43, 71, 359, 617
What are the prime factors of 544061514?
2, 3, 83, 1092493
List the prime factors of 839682101.
839682101
What are the prime factors of 1416815160?
2, 3, 5, 11806793
What are the prime factors of 48386044?
2, 7, 313, 5521
What are the prime factors of 15576356?
2, 409, 9521
What are the prime factors of 5901227?
17, 347131
List the prime factors of 3881165.
5, 776233
What are the prime factors of 995510318?
2, 11, 29, 141851
List the prime factors of 3953793.
3, 283, 4657
List the prime factors of 1119645012.
2, 3, 37, 2521723
What are the prime factors of 373001423?
79, 751, 6287
What are the prime factors of 29918250?
2, 3, 5, 13297
What are the prime factors of 910095694?
2, 23, 19784689
List the prime factors of 184074532.
2, 46018633
What are the prime factors of 1250923411?
107, 139, 151, 557
List the prime factors of 88655114.
2, 53, 836369
What are the prime factors of 1478783865?
3, 5, 13, 7583507
What are the prime factors of 56841262?
2, 28420631
List the prime factors of 1213288064.
2, 1153, 8221
What are the prime factors of 937497004?
2, 2069, 113279
List the prime factors of 4024466632.
2, 13177, 38177
List the prime factors of 4570003641.
3, 7, 217619221
List the prime factors of 12981412.
2, 1609, 2017
List the prime